{"id":411,"date":"2017-05-17T11:51:52","date_gmt":"2017-05-17T09:51:52","guid":{"rendered":"http:\/\/pfadfinder-dietzenbach.de\/?page_id=411"},"modified":"2020-02-15T17:56:29","modified_gmt":"2020-02-15T15:56:29","slug":"faq","status":"publish","type":"page","link":"http:\/\/pfadfinder-dietzenbach.de\/?page_id=411","title":{"rendered":"FAQ"},"content":{"rendered":"<p><b>Oder Fragen die immer wieder auftauchen:<\/b><\/p>\n<p>1. Wie alt muss mein Kind mindestens sein, um die Gruppenstunde zu kommen?<\/p>\n<p><em>Das Kind sollte mindestens 7 Jahre alt sein. Das ist das Einstiegsalter in die W&ouml;lflingsstufe.<\/em><\/p>\n<p>Gerne k&ouml;nnt Ihr auch einsteigen, wenn Ihr &auml;lter seid. Die Gruppenstundenzeiten f&uuml;r Eure jeweilige Altersstufe findest Du unter &gt;&gt;Gruppen.<\/p>\n<p>2. Braucht mein Kind direkt eine Kluft und ein Halstuch, damit es in die Gruppenstunde kommen kann?<\/p>\n<p><em>Nein, die Kinder k&ouml;nnen gerne erst einmal schnuppern, ob es ihnen gef&auml;llt. Wenn es sich sicher ist, dass es regelm&auml;&szlig;ig kommen m&ouml;chte, kann eine Kluft im Stamm gekauft werden.<\/em><\/p>\n<p><em>Das Halstuch bekommt das Kind, wenn es sein erstes Pfadfinder Versprechen abgelegt hat. Weitere Infos dazu geben gerne die Leiter*innen.<\/em><\/p>\n<p>3. Ich m&ouml;chte mein Kind noch nicht die vollen zwei Wochen alleine in das Sommerlager schicken. Gibt es k&uuml;rzere Lager zum Ausprobieren?<\/p>\n<p><em>Wir fahren im Fr&uuml;hsommer meist f&uuml;r ein Wochenende auf einen Zeltplatz im Umkreis von ca. 100 km. Das ist eine gute M&ouml;glichkeit erste Erfahrungen zu sammeln.<\/em><\/p>\n<p>4. Muss mein Kind dem katholischen Glauben angeh&ouml;ren, um Pfadfinder zu werden?<\/p>\n<p><em>Wir sind zwar ein Pfadfinderstamm der katholischen Gemeinde, jedoch sind alle Konfessionen\/Religionen bei uns herzlich willkommen.<\/em><\/p>\n<p>5. Welche Ausstattung braucht mein Kind f&uuml;r die Gruppenstunde?<\/p>\n<p><em>Besondere Ausstattung braucht Ihr Kind nicht. Wichtig sind bequeme Kleidung und feste Schuhe, die auch Mal dreckig werden darf, da wir viel drau&szlig;en sind oder basteln. Auch etwas zu trinken ist besonders im Sommer wichtig.<\/em><\/p>\n<p>6. Ich m&ouml;chte mein Kind f&uuml;r die Gruppenstunde anmelden. Wo bekomme ich weitere Informationen?<\/p>\n<p><em>Bei Fragen k&ouml;nnen immer gerne die Gruppenleiter der jeweiligen Stufen angesprochen werden. Dort bekommt Ihr auch die schriftliche Anmeldung und aktuelle Infos.<\/em><\/p>\n<p>7. Wo und wann finden die Gruppenstunden statt?<\/p>\n<p><em>Zu finden unter &gt;&gt;Gruppenstunden der <a href=\"http:\/\/pfadfinder-dietzenbach.de\/?page_id=48\">W&ouml;lflinge<\/a>, <a href=\"http:\/\/pfadfinder-dietzenbach.de\/?page_id=46\">Jungpfadfinder<\/a>, <a href=\"http:\/\/pfadfinder-dietzenbach.de\/?page_id=50\">Pfadfinder<\/a> und <a href=\"http:\/\/pfadfinder-dietzenbach.de\/?page_id=37\">Rover<\/a><\/em><\/p>\n","protected":false},"excerpt":{"rendered":"<p>Oder Fragen die immer wieder auftauchen: 1. Wie alt muss mein Kind mindestens sein, um die Gruppenstunde zu kommen? Das Kind sollte mindestens 7 Jahre alt sein. Das ist das Einstiegsalter in die W\u00f6lflingsstufe. Gerne k\u00f6nnt Ihr auch einsteigen, wenn Ihr \u00e4lter seid. Die Gruppenstundenzeiten f\u00fcr Eure jeweilige Altersstufe findest Du unter &gt;&gt;Gruppen. 2. Braucht&#8230;<\/p>\n","protected":false},"author":1,"featured_media":0,"parent":0,"menu_order":0,"comment_status":"open","ping_status":"closed","template":"","meta":{"footnotes":""},"class_list":["post-411","page","type-page","status-publish","hentry"],"_links":{"self":[{"href":"http:\/\/pfadfinder-dietzenbach.de\/index.php?rest_route=\/wp\/v2\/pages\/411","targetHints":{"allow":["GET"]}}],"collection":[{"href":"http:\/\/pfadfinder-dietzenbach.de\/index.php?rest_route=\/wp\/v2\/pages"}],"about":[{"href":"http:\/\/pfadfinder-dietzenbach.de\/index.php?rest_route=\/wp\/v2\/types\/page"}],"author":[{"embeddable":true,"href":"http:\/\/pfadfinder-dietzenbach.de\/index.php?rest_route=\/wp\/v2\/users\/1"}],"replies":[{"embeddable":true,"href":"http:\/\/pfadfinder-dietzenbach.de\/index.php?rest_route=%2Fwp%2Fv2%2Fcomments&post=411"}],"version-history":[{"count":5,"href":"http:\/\/pfadfinder-dietzenbach.de\/index.php?rest_route=\/wp\/v2\/pages\/411\/revisions"}],"predecessor-version":[{"id":612,"href":"http:\/\/pfadfinder-dietzenbach.de\/index.php?rest_route=\/wp\/v2\/pages\/411\/revisions\/612"}],"wp:attachment":[{"href":"http:\/\/pfadfinder-dietzenbach.de\/index.php?rest_route=%2Fwp%2Fv2%2Fmedia&parent=411"}],"curies":[{"name":"wp","href":"https:\/\/api.w.org\/{rel}","templated":true}]}}

<p>Oder Fragen die immer wieder auftauchen: 1. Wie alt muss mein Kind mindestens sein, um die Gruppenstunde zu kommen? Das Kind sollte mindestens 7 Jahre alt sein. Das ist das Einstiegsalter in die Wölflingsstufe. Gerne könnt Ihr auch einsteigen, wenn Ihr älter seid. Die Gruppenstundenzeiten für Eure jeweilige Altersstufe findest Du unter &gt;&gt;Gruppen. 2. Braucht&#8230;</p>
